
115
What is the greatest common factor of 66 and 594?
66
Calculate the greatest common factor of 1695 and 30.
15
What is the highest common divisor of 203 and 493?
29
What is the highest common factor of 8 and 3676?
4
What is the highest common factor of 448 and 56?
56
What is the greatest common divisor of 332 and 1411?
83
Calculate the greatest common factor of 3160 and 340.
20
What is the greatest common factor of 738 and 270?
18
Calculate the highest common divisor of 80 and 288.
16
What is the highest common divisor of 30 and 11685?
15
Calculate the greatest common factor of 333 and 4.
1
Calculate the greatest common divisor of 553 and 316.
79
Calculate the greatest common divisor of 72 and 96.
24
What is the highest common divisor of 75 and 3?
3
What is the greatest common divisor of 50 and 170?
10
What is the highest common factor of 3630 and 50?
10
What is the greatest common divisor of 288 and 12?
12
What is the highest common factor of 38 and 126?
2
What is the greatest common divisor of 3074 and 58?
58
Calculate the highest common divisor of 341 and 62.
31
Calculate the greatest common divisor of 80 and 1000.
40
What is the greatest common divisor of 7 and 12383?
7
Calculate the greatest common factor of 3744 and 216.
72
Calculate the greatest common divisor of 112 and 1232.
112
Calculate the highest common divisor of 207 and 99.
9
Calculate the highest common divisor of 125 and 1.
1
Calculate the highest common factor of 27 and 6759.
9
What is the greatest common divisor of 899 and 319?
29
What is the greatest common divisor of 25 and 2545?
5
Calculate the highest common divisor of 221 and 39.
13
Calculate the greatest common factor of 3 and 12021.
3
What is the highest common divisor of 8 and 34?
2
Calculate the greatest common factor of 6251 and 987.
329
What is the greatest common factor of 24 and 8496?
24
Calculate the greatest common factor of 522 and 18.
18
Calculate the greatest common factor of 256 and 48.
16
What is the greatest common factor of 16185 and 975?
195
Calculate the highest common factor of 4325 and 173.
173
What is the highest common divisor of 446 and 10?
2
Calculate the greatest common divisor of 364 and 7.
7
Calculate the greatest common divisor of 448 and 560.
112
Calculate the highest common divisor of 1161 and 86.
43
What is the greatest common divisor of 2148 and 12709?
179
What is the highest common factor of 16131 and 456?
57
Calculate the highest common divisor of 498 and 12.
6
Calculate the greatest common divisor of 665 and 35.
35
Calculate the highest common factor of 23 and 1058.
23
What is the greatest common divisor of 901 and 212?
53
What is the highest common factor of 31 and 1550?
31
Calculate the highest common factor of 23 and 1219.
23
What is the highest common divisor of 84064 and 148?
148
What is the greatest common factor of 7210 and 70?
70
Calculate the highest common factor of 38 and 418.
38
Calculate the greatest common divisor of 962 and 26.
26
Calculate the highest common divisor of 33 and 15169.
11
Calculate the greatest common divisor of 70 and 238.
14
What is the greatest common factor of 4 and 1268?
4
What is the greatest common divisor of 55 and 20?
5
Calculate the greatest common divisor of 200 and 25.
25
Calculate the highest common factor of 156 and 12.
12
What is the highest common divisor of 58 and 3799?
29
Calculate the highest common divisor of 180 and 20.
20
What is the highest common divisor of 162 and 1404?
54
What is the greatest common factor of 221 and 34?
17
What is the greatest common divisor of 112 and 4?
4
What is the highest common factor of 1134 and 2106?
162
What is the greatest common divisor of 240 and 45?
15
Calculate the greatest common factor of 528 and 1.
1
Calculate the highest common factor of 432 and 27.
27
What is the highest common divisor of 304 and 24?
8
Calculate the highest common factor of 6 and 26.
2
What is the highest common divisor of 568 and 104?
8
Calculate the highest common divisor of 1469 and 26.
13
Calculate the greatest common divisor of 1264 and 16.
16
What is the highest common divisor of 574 and 123?
41
Calculate the highest common factor of 47 and 5687.
47
Calculate the highest common divisor of 144 and 36.
36
Calculate the highest common divisor of 171 and 703.
19
Calculate the greatest common divisor of 120 and 40.
40
Calculate the highest common factor of 6751 and 86.
43
What is the highest common divisor of 6 and 6?
6
What is the highest common factor of 54 and 1026?
54
What is the greatest common factor of 1692 and 1908?
36
What is the highest common factor of 1216 and 19?
19
Calculate the highest common divisor of 69 and 69.
69
Calculate the greatest common divisor of 49 and 133.
7
What is the highest common factor of 145 and 261?
29
What is the highest common divisor of 3445 and 260?
65
Calculate the highest common divisor of 544 and 32.
32
What is the greatest common factor of 550 and 50?
50
Calculate the highest common factor of 435 and 9280.
145
Calculate the highest common factor of 8 and 664.
8
What is the highest common divisor of 3069 and 99?
99
What is the highest common factor of 4617 and 1368?
171
Calculate the greatest common divisor of 16 and 272.
16
Calculate the greatest common factor of 133 and 38.
19
What is the greatest common divisor of 1904 and 112?
112
Calculate the greatest common factor of 36 and 1116.
36
Calculate the highest common factor of 185 and 111.
37
What is the highest common divisor of 3 and 102?
3
Calculate the greatest common factor of 14 and 959.
7
What is the greatest common factor of 298 and 9983?
149
Calculate the greatest common factor of 2322 and 54.
54
Calculate the highest common divisor of 207 and 46.
23
What is the greatest common factor of 17 and 32?
1
Calculate the greatest common factor of 2037 and 84.
21
What is the greatest common divisor of 42 and 12?
6
Calculate the highest common divisor of 9355 and 10.
5
Calculate the highest common divisor of 8 and 536.
8
Calculate the greatest common factor of 224 and 96.
32
Calculate the highest common divisor of 17425 and 85.
85
Calculate the greatest common factor of 116 and 986.
58
Calculate the greatest common factor of 608 and 256.
32
Calculate the greatest common divisor of 450 and 18.
18
Calculate the greatest common divisor of 6576 and 12.
12
Calculate the greatest common factor of 12 and 876.
12
Calculate the greatest common divisor of 3682 and 14.
14
What is the greatest common factor of 32 and 80?
16
What is the highest common factor of 8033 and 1385?
277
Calculate the greatest common factor of 772 and 52882.
386
What is the highest common divisor of 2394 and 2660?
266
Calculate the greatest common divisor of 682 and 22.
22
What is the greatest common factor of 17780 and 56?
28
What is the greatest common divisor of 1715 and 175?
35
What is the greatest common divisor of 232 and 551?
29
Calculate the highest common divisor of 54 and 36.
18
Calculate the highest common factor of 32565 and 65.
65
Calculate the highest common divisor of 18 and 1611.
9
What is the highest common divisor of 1180 and 20?
20
Calculate the greatest common divisor of 26314 and 236.
118
Calculate the greatest common divisor of 33 and 9.
3
Calculate the greatest common divisor of 143 and 891.
11
Calculate the greatest common divisor of 2133 and 79.
79
Calculate the greatest common divisor of 155 and 3875.
155
What is the greatest common factor of 2231 and 253?
23
Calculate the greatest common divisor of 4767 and 21.
21
Calculate the greatest common factor of 14174 and 38.
38
Calculate the highest common factor of 36 and 8.
4
Calculate the highest common divisor of 78 and 728.
26
Calculate the greatest common divisor of 50 and 2725.
25
Calculate the greatest common factor of 374 and 272.
34
What is the highest common divisor of 2 and 27?
1
Calculate the greatest common divisor of 26 and 16900.
26
Calculate the greatest common divisor of 585 and 3627.
117
Calculate the highest common divisor of 430 and 50.
10
Calculate the greatest common factor of 61 and 1525.
61
Calculate the greatest common factor of 72 and 200.
8
Calculate the highest common factor of 165 and 132.
33
What is the highest common factor of 65 and 5005?
65
What is the greates